625 = 11*q - 16*q. What is the tens digit of q?
2
Suppose -p + 4*y + 3 = 0, 0 = -2*p - 2*y - y + 39. What is the units digit of p?
5
Suppose 138 + 0 = d - 3*b, 5*d + 3*b = 726. What is the units digit of d?
4
Let a = 4 + -2. Suppose -76 = -4*s - 3*b, a*s + 2*b - 4*b - 38 = 0. Suppose -c - 5*d = -s, -4 - 11 = -5*d. What is the units digit of c?
4
Let l(m) = m**3 - 23*m**2 - 23*m - 18. What is the units digit of l(24)?
6
Suppose 0 = u - 3*j + 2, -4 = -u + 4*j - 6. Let g = 7 - u. What is the units digit of g?
9
Let t(g) = -2*g - 1. What is the tens digit of t(-6)?
1
Suppose 4*j + 2*y + 118 = 0, 150 - 34 = -3*j + 4*y. Let h = 9 - j. What is the tens digit of h?
4
Let k be -3 + 9/3 - 20. Let m = 4 - k. What is the tens digit of m?
2
Suppose -a = 2*x - 0*x - 25, -2*x = -4*a - 20. What is the units digit of x?
2
Suppose -3*u = -5*u - 12. Let d(y) be the third derivative of -y**5/60 - y**4/3 - 3*y**3/2 - 4*y**2. What is the units digit of d(u)?
3
Suppose 0 = -4*m + 4, 5*m = -5*a + m + 324. Suppose -80 = -4*y + a. What is the units digit of y?
6
Let t(n) = -n**2 + 14. Let y be t(0). Suppose 4*x = y - 2. What is the units digit of x?
3
Suppose 0*g + 2 = g. Suppose 2 = g*z - 4. What is the units digit of z?
3
Let n(l) = -l**3 - l**2 + l - 2. Let b be n(-2). Suppose b = -2*k - k + 4*f - 6, -2*k - 11 = -5*f. What is the units digit of (1/k)/((-1)/(-12))?
6
Let l(y) = 12*y - 2. Let f be l(2). Let d = f + -7. What is the tens digit of d?
1
Let l = -88 - -124. Let o be -5 - -1 - 38*(-1)/2. Let f = l - o. What is the units digit of f?
1
Let p(r) = 2*r**3 - 4*r**2 + 3*r. Let a be (-32)/(-18) + (-2)/(-9). What is the units digit of p(a)?
6
Suppose -2 = -3*m + 2*m. Let a(z) = 1 + 2*z**2 + 2*z**2 - 3*z**m - z. What is the units digit of a(3)?
7
Let o(h) = h + 1. Let b be o(3). Suppose 2*c = b*c - 14. What is the units digit of c?
7
Let o(p) = p**2 - 9*p - 2. What is the units digit of o(11)?
0
Suppose 0 = -4*m - p - 3*p + 16, -5*m - 2*p = -11. Suppose r - 1 = -q, -q - m = 4*r - 5. Suppose 4*u + r - 25 = 0. What is the units digit of u?
6
Suppose 2*o - 10 = -p + o, 4*p - 39 = -5*o. Suppose -w = -3 - p. What is the tens digit of w?
1
Suppose 15*p - 17*p + 286 = 0. What is the tens digit of p?
4
Let p(w) = 4 + 2*w**2 - 8*w**2 + w**2 - w**3 - 8 + 5*w. Let j be p(-6). Suppose -27 = -n - j*n. What is the units digit of n?
9
Let y(h) = h + 6. Let b(x) = -x - 1. Let j be b(-1). Let k be y(j). What is the units digit of ((-4)/k)/(1/(-3))?
2
Let s be (-476)/(-3) - (-16)/(-24). Suppose -z = z + g - 72, s = 5*z - 3*g. What is the units digit of z?
4
Let q(p) = -p**3 + 9*p**2 + 3*p - 2. Let w(k) = k**3 + k**2 + 9. Let c be w(0). What is the tens digit of q(c)?
2
What is the units digit of (-12)/30 + 377/5 + -2?
3
Let o(d) = d - 18. Let l be o(11). Let r(z) = 5 - 2*z + 10 + 3*z. What is the units digit of r(l)?
8
Let h be (8/(-8))/(1/10). What is the tens digit of ((-88)/h)/(2/5)?
2
Suppose -5*x + 10 = 2*o - 2, 2*o = 3*x - 20. What is the units digit of o/(-26) + 111/39?
3
Let z(d) = 4*d**2 - 2*d + 7. What is the tens digit of z(3)?
3
Let d(n) be the third derivative of -n**6/30 - n**5/30 + n**3/6 + 5*n**2. What is the units digit of d(-1)?
3
Suppose -i - i = -26. Let t = 27 + i. What is the tens digit of t?
4
Let f = 2 + -7. Suppose 0 = -n - 2*n + 24. Let r = f + n. What is the units digit of r?
3
Let l be (-16)/(-9) + 2/9. Let d be 124/12 - l/(-3). Suppose 4*p - d = 3*p. What is the units digit of p?
1
Suppose -30*i + 26*i + 24 = 0. What is the units digit of i?
6
Suppose 5*l = -0*r - r + 355, 0 = 2*l + 4*r - 124. Suppose 24 = -4*i + l. What is the units digit of i?
2
Let s(b) = -62*b - 24. What is the units digit of s(-2)?
0
Let z = 27 - -11. What is the tens digit of z?
3
What is the hundreds digit of 1827/14*4/3?
1
Suppose -2*d = 92 - 246. What is the units digit of d?
7
Suppose -5*g = -f + 9, 5*g - 4 = -2*f - 1. What is the units digit of (13/(-3))/(g/3)?
3
Suppose -3*s + 224 + 179 = 5*x, 4*s - 572 = 2*x. Suppose -128 = -3*u + 2*i, -3*i + s + 85 = 5*u. What is the units digit of u?
4
Suppose -3*m = f - 35, -5*m - 2*f - f = -57. Let u = m - 7. Suppose -5*w + 12 = 4*s, -u*s - 3*w + 15 = -0*w. What is the units digit of s?
3
What is the tens digit of (-488)/(-3) - 40/(-30)?
6
Suppose 0*j + 20 = -j. Let i be (-8)/j - (-4)/(-10). Suppose i = -2*v + 9 + 13. What is the units digit of v?
1
Let z = 15 + -21. Let i = 10 + z. What is the units digit of i?
4
Suppose 39 = -5*x - 61. Let c = x - -33. What is the units digit of c?
3
Let g = -103 - -147. What is the units digit of g?
4
Suppose -4*i = -i. Suppose 3*j - j = 5*m - 25, i = -3*m + 4*j + 15. Suppose 0 = m*f - b - 37 - 8, 4*b + 20 = 4*f. What is the tens digit of f?
1
Suppose 0 = 3*s + s - 112. What is the tens digit of s?
2
Suppose -78 = -p + 3*d, -3*p + 0*p - 5*d + 220 = 0. What is the units digit of p?
5
Suppose -y - 1 - 3 = 2*i, -y - 7 = i. Let b be (4/y)/(2/(-10)). Suppose b*t - 2*q + q - 7 = 0, -4*q - 17 = 3*t. What is the units digit of t?
1
Suppose r - 5 = -1. Suppose -2*a + 3 = -u + 2*a, 5*a = -r*u + 9. Let t = u - -13. What is the tens digit of t?
1
Let k be (-4)/(-6) + (-290)/30. Let a(x) = -x**2 - 9*x + 9. What is the units digit of a(k)?
9
Let o(y) = -y + 1. Let r be o(4). Let g(c) = -2*c**3 - 2*c**2 + 5*c - 3. What is the units digit of g(r)?
8
Suppose 0*h - 9 = -h. What is the units digit of (-2)/h - 40/(-18)?
2
Suppose -3*f = f - 240. Suppose -3*p - p = -f. What is the units digit of p?
5
Suppose 4*k = -2*g + 26, 5*k - 4*g + 12 = 3*k. Suppose -k*w = -9*w + 80. What is the units digit of w?
6
Let m(c) = 4*c**2. Let j(u) = -5*u**2 - u + 1. Let t(q) = -5*j(q) - 6*m(q). What is the units digit of t(-7)?
9
Let j(u) = -u**3 + 8*u**2 + u - 6. Let p be j(8). Let m be 2 + (5 - 0) - p. Suppose 3*a = m*d + 37, 0 = -5*d - 16 + 6. What is the units digit of a?
9
Let q = 27 + -13. What is the units digit of q?
4
Let g(j) = j**2 - 8*j + 8. Suppose 33 = -4*f - 3. Let p = f - -17. What is the units digit of g(p)?
8
Let q = -3 - -5. Suppose q = w + 3. What is the units digit of ((-4)/(-8))/(w/(-2))?
1
Let g(a) = a. Let f be g(4). Suppose 5*o - 274 = f*d - 6*d, 3*d - 60 = -o. What is the units digit of o?
4
Suppose -105 = -6*a + a. What is the units digit of a?
1
Let l be (1 - -1)/(-10 - -9). Let b(z) = z**3 + 3*z**2 - 2*z - 1. Let w be b(-3). Let d = w + l. What is the units digit of d?
3
What is the units digit of (-83)/(-2) + (-3)/6?
1
What is the tens digit of ((-711)/(-9))/(1/1)?
7
Suppose 5*k - 8 = 3*v, v + 0*k = k. Let p = v - -5. What is the units digit of p?
9
Let p = -77 + 30. Let r = -30 - p. What is the tens digit of r?
1
Let w = 13 + -10. Suppose w*j + 38 = 3*d + 89, 33 = 2*j - 3*d. What is the tens digit of j?
1
What is the tens digit of 21*8/6 + 2?
3
Suppose -4*f - 331 = -4*h + f, 4*h = 2*f + 322. What is the units digit of h?
9
Suppose 0 = -2*b + 3*b - 2. Suppose -b + 6 = 2*z. What is the units digit of 2*z + 0/2?
4
Let y(d) = d - 5. Let o be y(8). Suppose 3*i - 3*m + 6 = 0, -4 = -o*i - m - m. Suppose 4*q - 16 = i, -f - 2*q + 23 = -0*f. What is the tens digit of f?
1
Let k(i) = i**2 + i - 10. Suppose -5*c - 41 = 3*h, 2*h - h - 19 = 3*c. What is the tens digit of k(c)?
3
Suppose 5*c + 2*o = 2, 3*o - 8 = 5*o. Suppose c*h = 42 - 16. What is the units digit of h?
3
Let u be -2*2*(1 - 2). Suppose u = -2*c - 6. Let w = 9 + c. What is the units digit of w?
4
Let q(l) = -l**3 - 9*l**2 - 4*l + 8. What is the tens digit of q(-9)?
4
Let i = 12 - 4. Let v = i - -8. Suppose -2*s + 2*c - 2 + v = 0, -5*s = c - 23. What is the units digit of s?
5
What is the hundreds digit of (-2)/4*-1 + 1915/10?
1
Suppose -4*w - 5 = w. What is the tens digit of (-60)/4*(w - 0)?
1
Suppose 18 - 2 = 4*x. Suppose -x*h = -h - 9, 5 = -o + 2*h. What is the units digit of o?
1
Suppose -g - g = 20. What is the units digit of 4/(-10) + (-54)/g?
5
Suppose -b - 5 = -2. Let g(t) = 1 + 1 - 3 - t. What is the units digit of g(b)?
2
Let w = 92 - 63. What is the units digit of w?
9
Suppose -4*v = o + 4, 4*v - 6 = 2*v. Let n = o + 22. What is the units digit of n?
6
What is the tens digit of 171/2*(-16)/(-24)?
5
Let c be 2/(-7) + 26/(-7). Let i = c + 14. What is the units digit of i?
0
Suppose -3*s - 71 = -3*c + 2*s, 0 = c + s - 29. What is the tens digit of